 -2 + a5?
a3
In base 7, what is -340 - -6?
-331
In base 6, what is 11 + 2232?
2243
In base 13, what is -c + -1?
-10
In base 11, what is -1 - 1211?
-1212
In base 16, what is -14 + -3e?
-52
In base 16, what is -4 + d9?
d5
In base 14, what is 65 - 0?
65
In base 6, what is 12 + -1335?
-1323
In base 5, what is -104 + -30?
-134
In base 9, what is -1 - 1648?
-1650
In base 2, what is 11 - 11100?
-11001
In base 13, what is -9a + -4?
-a1
In base 15, what is -c0 - 2e?
-ee
In base 13, what is 7 + 87?
91
In base 13, what is 1652 - 4?
164b
In base 4, what is 120 - 12232?
-12112
In base 2, what is -10101000111 - 10001?
-10101011000
In base 14, what is -24 + b?
-17
In base 13, what is -30c + -4?
-313
In base 7, what is -36 - 54?
-123
In base 3, what is 202122 - -222?
210121
In base 6, what is -3 - -1034?
1031
In base 9, what is -1223 + 1?
-1222
In base 5, what is -10 + -1444?
-2004
In base 16, what is 11 + -5?
c
In base 8, what is -136 + 13?
-123
In base 8, what is -1503 + -12?
-1515
In base 15, what is 2b + -14?
17
In base 5, what is -2402 - -4?
-2343
In base 15, what is 1 - -20?
21
In base 16, what is 6798 - 4?
6794
In base 15, what is -73 - -e?
-64
In base 3, what is -12000 - -12?
-11211
In base 4, what is 2220323 - -2?
2220331
In base 8, what is 32 - -13?
45
In base 8, what is 2 + -23?
-21
In base 11, what is -6921 + -3?
-6924
In base 14, what is 817 + 0?
817
In base 8, what is -250 - -4?
-244
In base 9, what is 1582 - -4?
1586
In base 2, what is 110101 + -111?
101110
In base 4, what is -102 - 1202?
-1310
In base 16, what is 8 - -129?
131
In base 4, what is -122311 - 0?
-122311
In base 8, what is -3151 + 4?
-3145
In base 3, what is -20 - 200?
-220
In base 12, what is -143 - 2?
-145
In base 2, what is -10 - 11010111?
-11011001
In base 4, what is 11 - 1030?
-1013
In base 3, what is -10200 + -10?
-10210
In base 7, what is -3 + 605?
602
In base 8, what is 5 + 1354?
1361
In base 3, what is 21 - 1002201?
-1002110
In base 16, what is 2 - 27f?
-27d
In base 10, what is 0 + 291?
291
In base 6, what is 0 + 11?
11
In base 4, what is -3000 + 13?
-2321
In base 12, what is -61 + -2?
-63
In base 4, what is -10 - -12202?
12132
In base 16, what is 74 - 22?
52
In base 3, what is -2 - -22?
20
In base 7, what is -1214 - 5?
-1222
In base 4, what is -2132 - 303?
-3101
In base 9, what is 4 - -353?
357
In base 8, what is 20 - -2006?
2026
In base 15, what is 8b + 28?
b4
In base 2, what is 110000 - -10101?
1000101
In base 12, what is -b - 36?
-45
In base 11, what is 58 + 3?
60
In base 10, what is -74 - -39?
-35
In base 9, what is -11050 - 1?
-11051
In base 13, what is 3 - 25?
-22
In base 14, what is 11 + 12?
23
In base 14, what is -3 + 11?
c
In base 10, what is -22 + -99?
-121
In base 14, what is -3 + c4?
c1
In base 14, what is 20 + 21?
41
In base 2, what is 1011100010 + 1?
1011100011
In base 13, what is 32 - 494?
-462
In base 5, what is 42 - 300?
-203
In base 7, what is -20015 + 2?
-20013
In base 9, what is -6 + -28?
-35
In base 12, what is -383 - -1?
-382
In base 3, what is 10122100 + 1?
10122101
In base 7, what is 13 + 114?
130
In base 13, what is 3 - -433?
436
In base 14, what is -14 - -3?
-11
In base 13, what is 6c0 - 4?
6b9
In base 16, what is cbd8 - 5?
cbd3
In base 3, what is 2 + 10100?
10102
In base 4, what is 331 + -2?
323
In base 8, what is 132 - -5?
137
In base 12, what is 34 + -7?
29
In base 16, what is 6b - -1?
6c
In base 11, what is -319 + -39?
-357
In base 10, what is -657 + 1?
-656
In base 5, what is 3 - -21?
24
In base 4, what is 22 - -12?
100
In base 13, what is -6 + -118?
-121
In base 4, what is 2023 - 2?
2021
In base 14, what is 4 + -20?
-1a
In base 2, what is -1000101011 - -101?
-1000100110
In base 11, what is 70 - -2?
72
In base 2, what is -10001 + -111?
-11000
In base 8, what is 5 + 54?
61
In base 16, what is -b + 5?
-6
In base 8, what is -733 - -11?
-722
In base 4, what is 100210 - -11?
100221
In base 10, what is -1 - -1758?
1757
In base 9, what is 0 + 1812?
1812
In base 12, what is 256 + -4?
252
In base 11, what is 907 - -3?
90a
In base 12, what is 727 + 4?
72b
In base 2, what is 1 - -1110?
1111
In base 6, what is -12120 - 12?
-12132
In base 13, what is b + 21?
2c
In base 12, what is 3 - 1799?
-1796
In base 13, what is -48 - 5?
-50
In base 12, what is -2 + 6a?
68
In base 10, what is -6 + 306?
300
In base 3, what is -1000 + 0?
-1000
In base 15, what is -5 - 8e?
-94
In base 9, what is -486 + -7?
-504
In base 8, what is 0 + 7?
7
In base 13, what is 2 + -21?
-1c
In base 4, what is -22 - -1020?
332
In base 14, what is -36 - -4?
-32
In base 13, what is -23 + 334?
311
In base 11, what is -4 + 90?
87
In base 14, what is 332 - -d?
341
In base 6, what is 125 - 25?
100
In base 8, what is -5 - -117?
112
In base 8, what is 4702 + 5?
4707
In base 10, what is 5 + -1293?
-1288
In base 12, what is -a - 24a?
-258
In base 15, what is -5 - 633?
-638
In base 9, what is 10 - 18?
-8
In base 11, what is -33 + a?
-24
In base 11, what is 4 - -3625?
3629
In base 2, what is -11000101 + 110?
-10111111
In base 15, what is a - -7a0?
7aa
In base 3, what is -11 + 10110?
10022
In base 15, what is 1c88 - 5?
1c83
In base 6, what is 0 - -125?
125
In base 14, what is 181 + 12?
193
In base 4, what is -11 - -100?
23
In base 8, what is -2 - 200?
-202
In base 4, what is -1021133 + 2?
-1021131
In base 10, what is -4 - -2?
-2
In base 16, what is 39 - -3?
3c
In base 2, what is 1010100011 + -101?
1010011110
In base 2, what is -1000100000011 + 101?
-1000011111110
In base 8, what is 1423 - 4?
1417
In base 14, what is 413 - 5?
40c
In base 13, what is 445 - 3?
442
In base 11, what is -83 + 0?
-83
In base 10, what is -196 - 0?
-196
In base 8, what is -4 - 66?
-72
In base 14, what is 94 + -5?
8d
In base 9, what is 37 + -15?
22
In base 12, what is 1476 - 5?
1471
In base 4, what is 23 + 1323?
2012
In base 16, what is 363b + 1?
363c
In base 3, what is 121 - 10012?
-2121
In base 13, what is 4 - -9c?
a3
In base 6, what is 51 - 515?
-424
In base 14, what is 8ca + -2?
8c8
In base 16, what is 16 - -3?
19
In base 15, what is 14e5 + -1?
14e4
In base 5, what is 2214 + 3?
2222
In base 14, what is -1d5 + -3?
-1d8
In base 13, what is 1 + -6a?
-69
In base 12, what is 1 - -b4?
b5
In base 14, what is -2 + 28?
26
In base 7, what is -10222 + 4?
-10215
In base 7, what is 35122 - -1?
35123
In base 8, what is 1071 - 2?
1067
In base 10, what is -80 - 4?
-84
In base 5, what is 3 + 42?
100
In base 15, what is 6db + -4?
6d7
In base 14, what is 1cc + -1?
1cb
In base 13, what is -121 + -10?
-131
In base 11, what is 7 + 31?
38
In base 10, what is 15 - 5?
10
In base 11, what is -3 + -169?
-171
In base 10, what is -1840 - 2?
-1842
In base 6, what is -5 + 44?
35
In base 7, what is 2 - -1010?
1012
In base 14, what is -4 + -1265?
-1269
In base 2, what is -100010 - 11?
-100101
In base 6, what is 4 + 4154?
4202
In base 3, what is 12001011 - -10?
12001021
In base 2, what is 1100 + -10001?
-101
In base 11, what is 2 + -1?
1
In base 14, what is 12 - -aa?
bc
In base 15, what is 49 - -7?
51
In base 9, what is 5 - 64?
-58
In base 13, what is 2 + -19?
-17
In base 3, what is -2 - -121?
112
In base 5, what is -230 + -1203?
-1433
In base 10, what is -3 + -22?
-25
In base 12, what is -4 + 27?
23
In base 13, what is -13 - 11?
-24
In base 15, what is 281 - 0?
281
In base 16, what is -3 + 1f?
1c
In base 7, what is -1 - 241?
-242
In base 5, what is -2 + -1144?
-1201
In base 2, what is -1001 - 110?
-1111
In base 6, what is -4 + 12112?
12104
In base 15, what is 12c - -3?
130
In base 6, what is -133 + 3?
-130
In base 14, what is -47 - 18?
-61
In base 3, what is -22002 + 11?
-21221
In base 4, what is 21020 + 31?
21111
In base 8, what is 2 - 1111?
-1107
In base 6, what is -1513 - -13?
-1500
In base 2, what is -101011 - 10010?
-111101
In base 2, what is -1010111 + -1101?
-1100100
In base 16, what is -83 + 1?
-82
In base 12, what is -72 + -2?
-74
In base 11, what is -318 + 3?
-315
In base 12, what is 4 + 7?
b
In base 15, what is -201 - 3?
-204
In base 9, what is 1 + -127?
-126
In base 12, what is 3a6 + 1?
3a7
In base 9, what is 750 + -31?
718
In base 14, what is -11 + 1?
-10
In base 4, what is -120 + -1033?
-1213
In base 3, what is -11212201 + -10?
-11212211
In base 13, what is 0 - -305?
305
In base 14, what is 4 - 31?
-2b
In base 12, what is 2 + 1060?
1062
In